common divisor of 651997099 and 6591.
2197
What is the highest common factor of 24626455 and 12733?
119
What is the highest common divisor of 1614315 and 345?
15
What is the highest common factor of 11054428 and 13566?
266
What is the highest common divisor of 12299 and 732669?
1757
What is the highest common factor of 26974631 and 86?
43
Calculate the greatest common factor of 1360 and 833742560.
1360
What is the greatest common factor of 1593 and 662715?
27
What is the greatest common divisor of 16 and 119308?
4
Calculate the greatest common divisor of 5297688 and 36.
36
Calculate the highest common divisor of 34575 and 2125500.
75
Calculate the greatest common factor of 510 and 43443670.
170
Calculate the highest common divisor of 72740476 and 2748.
916
Calculate the highest common divisor of 724 and 10195006.
362
What is the greatest common divisor of 5324 and 2044024686?
2662
What is the greatest common divisor of 890 and 30431414?
178
Calculate the greatest common divisor of 22522945 and 150285.
1165
Calculate the greatest common divisor of 196 and 349034.
14
What is the highest common divisor of 2282 and 917658?
14
What is the greatest common divisor of 189818896 and 80?
16
Calculate the highest common divisor of 5549726314 and 1114.
1114
What is the highest common divisor of 1195725 and 160821?
321
What is the highest common factor of 2192 and 6305288?
1096
Calculate the greatest common factor of 59518700 and 1360.
340
Calculate the greatest common factor of 47358886 and 13547.
713
Calculate the highest common factor of 21663840 and 1452.
1452
What is the greatest common divisor of 2374590656 and 64?
64
Calculate the greatest common divisor of 156 and 166760204.
52
What is the highest common divisor of 4257 and 20582793?
99
What is the greatest common divisor of 476182504 and 438?
146
What is the highest common factor of 20383113 and 41208?
303
Calculate the greatest common factor of 25160 and 280.
40
What is the highest common divisor of 21527 and 2246739?
1133
What is the highest common divisor of 402 and 10577960?
134
Calculate the greatest common factor of 2916 and 839764.
4
What is the greatest common divisor of 3880240 and 11999?
169
Calculate the greatest common divisor of 19375 and 1804375.
625
What is the highest common factor of 3742610 and 90?
10
Calculate the highest common divisor of 8687341 and 481.
481
Calculate the highest common factor of 3766 and 8046328.
538
Calculate the highest common divisor of 828 and 49377619.
23
Calculate the highest common factor of 1518 and 1299767766.
1518
Calculate the greatest common divisor of 8879810 and 137720.
3130
What is the highest common factor of 13550 and 30695086?
542
Calculate the highest common divisor of 963 and 451935.
9
What is the greatest common divisor of 1130 and 17917958?
226
Calculate the greatest common divisor of 99567 and 63963.
207
What is the greatest common factor of 46655 and 298995?
155
Calculate the highest common divisor of 16112 and 193792.
16
Calculate the greatest common factor of 22639191 and 3270.
327
Calculate the highest common divisor of 702 and 156023946.
234
Calculate the highest common factor of 30699722 and 442.
34
What is the highest common factor of 1488 and 29800548?
372
Calculate the highest common factor of 234533960 and 40.
40
Calculate the greatest common factor of 1293495 and 54805.
485
Calculate the highest common divisor of 4256 and 678034.
266
Calculate the highest common factor of 78435 and 28503.
9
What is the greatest common factor of 277289 and 199127?
1861
Calculate the greatest common factor of 798310512 and 53568.
13392
What is the greatest common divisor of 18415 and 1193165?
635
What is the greatest common divisor of 7803 and 4777?
17
Calculate the highest common factor of 40 and 50112895.
5
What is the greatest common divisor of 59560 and 25735?
5
What is the greatest common divisor of 20642707 and 26358?
4393
Calculate the highest common divisor of 17995 and 389695.
295
Calculate the highest common factor of 1727917 and 117211.
3781
Calculate the greatest common factor of 640 and 325012800.
320
What is the highest common factor of 66096 and 100827?
153
Calculate the highest common divisor of 220 and 210652.
4
Calculate the greatest common divisor of 13430 and 658990.
10
What is the greatest common factor of 13532 and 374916?
796
Calculate the highest common divisor of 67850258 and 6293.
217
What is the highest common factor of 924 and 5385534?
462
What is the highest common divisor of 99 and 13346757?
9
What is the highest common factor of 3914169 and 17283?
21
Calculate the highest common factor of 3236279 and 7444.
1861
Calculate the highest common factor of 36 and 12209016.
12
What is the highest common divisor of 363311619 and 9189?
3063
What is the highest common factor of 24 and 21909996?
12
Calculate the greatest common factor of 121767814 and 2294.
2294
What is the highest common factor of 24338 and 13911148?
566
Calculate the highest common divisor of 19713244 and 2650.
106
What is the greatest common factor of 424571 and 285187?
917
Calculate the highest common factor of 8028 and 29144316.
2676
What is the highest common factor of 42283450 and 847?
121
Calculate the greatest common factor of 141 and 2161276059.
141
Calculate the greatest common factor of 45628 and 541924.
244
What is the highest common divisor of 5047 and 144011?
49
Calculate the highest common factor of 348480 and 12133638.
2178
Calculate the greatest common divisor of 55238339 and 988.
247
Calculate the highest common divisor of 517286 and 3927.
77
Calculate the highest common factor of 207 and 2640789.
9
What is the highest common factor of 35618 and 116600?
22
Calculate the greatest common factor of 104320127 and 3188.
797
Calculate the highest common divisor of 50842618 and 822.
274
What is the greatest common divisor of 2265 and 248903115?
2265
What is the greatest common factor of 490 and 539392?
98
Calculate the highest common divisor of 7355283 and 1449903.
4407
What is the highest common factor of 2968 and 461354824?
2968
What is the greatest common factor of 3344450802 and 3234?
3234
What is the greatest common divisor of 514104534 and 402?
402
What is the highest common factor of 98 and 423954818?
14
What is the greatest common divisor of 712646 and 121?
11
Calculate the highest common divisor of 6196850 and 19.
19
What is the highest common divisor of 57886 and 2987?
103
Calculate the greatest common divisor of 5345676 and 20412.
2268
Calculate the greatest common factor of 1836384 and 75482.
1034
Calculate the greatest common factor of 271387 and 22725.
101
What is the greatest common factor of 75753 and 777879?
171
What is the greatest common factor of 96170 and 215486?
326
What is the greatest common divisor of 123872 and 140936?
632
What is the greatest common factor of 6646248 and 7875?
63
What is the greatest common factor of 500176 and 1453744?
688
Calculate the highest common factor of 107540 and 1982132.
1132
Calculate the greatest common divisor of 43054895 and 4082.
2041
Calculate the highest common factor of 2077718 and 212818.
2194
Calculate the greatest common factor of 637871 and 237569.
353
What is the greatest common factor of 55614948 and 3260?
652
Calculate the highest common factor of 5526 and 26544141.
2763
What is the greatest common factor of 1320 and 22562430?
330
Calculate the greatest common divisor of 2332 and 586966732.
2332
What is the greatest common divisor of 6287659 and 35?
7
Calculate the highest common divisor of 56512683 and 27.
9
Calculate the greatest common divisor of 1307 and 104603131.
1307
What is the highest common factor of 1244 and 1732209044?
1244
What is the greatest common factor of 42 and 38604398?
14
Calculate the highest common divisor of 1859780 and 4940.
260
What is the greatest common factor of 72635046 and 5764?
2882
Calculate the highest common factor of 34 and 70300202.
34
What is the greatest common factor of 3816364 and 119?
17
Calculate the highest common divisor of 25 and 8375525.
25
Calculate the highest common factor of 385243542 and 288.
18
What is the highest common divisor of 265601 and 13376?
19
Calculate the greatest common divisor of 24 and 3777236.
4
Calculate t